et s be ((-3)/(-1) + n)/(-2). Let x(r) = -r**3 + r**2 - r - 14. Calculate x(s).
-14
Let b(r) be the third derivative of -r**4/24 - r**3 - r**2 + 47*r. Give b(0).
-6
Let a be 3/(6/(-4)) + -1. Let m(k) be the third derivative of -k**6/120 - k**5/30 + k**4/8 - k**3/6 - 374*k**2. Give m(a).
-1
Suppose 0 = -8*o + 3*o - 20. Let w(y) = 3*y - 3. Let n(x) = -x. Let f be (-2)/1*(-4)/(-8). Let j(r) = f*w(r) + o*n(r). Determine j(-2).
1
Suppose -h - 3*h - 8 = 0. Let b be 5 + ((-8)/h - 3). Let p(w) = 19*w + b - 18*w - 1. Calculate p(-4).
1
Let d(z) = 31*z**2 - 26*z**2 - 3*z**2. Let w be 0 + (-4)/((-8)/4). Determine d(w).
8
Let u(m) = -4*m - 3. Suppose x + 2 = v + 6, 0 = 5*v - x + 12. What is u(v)?
5
Let c(l) be the first derivative of -1/360*l**6 + 4/3*l**3 + 0*l**2 + 1/24*l**4 + 0*l + 1/120*l**5 - 9. Let b(y) be the third derivative of c(y). What is b(4)?
-11
Let t(r) = -2*r + 2. Suppose 0 = -2*k - 2*l - 16, l - 2 = -4. Let f = k - -10. Give t(f).
-6
Let v(r) = -11*r - 5. Let x(m) = -22*m - 10. Let d(s) = 7*v(s) - 4*x(s). Let u(c) = -5*c - 2. Let w(y) = 4*d(y) + 9*u(y). Determine w(6).
-4
Suppose -3*o - 5*l = -11, 4*l + 0*l = -4*o + 12. Let m be 30/4*((-22)/(-6) + -3). Let n(q) = -2 - 4*q + m + q**3 + 2*q + 3*q**o. Give n(-4).
-5
Let m(a) = 840*a**3 + 5*a**2 - 2 - 839*a**3 + a**2 - 2 + 2*a**2 + 8*a. Let o be 1 + 0 + -1 - 7. Give m(o).
-11
Let s(n) = -2*n - 1. Let y(m) = 15*m - 9. Let p(o) = 6*s(o) + y(o). Determine p(10).
15
Let o(a) = -a**3 + 9*a**2 + 4*a - 38. Let g(m) = m**2 + 40*m + 184. Let t be g(-5). Calculate o(t).
-2
Suppose 4*d = -2*y, -2*d - 3 - 5 = 0. Let k(g) = -1 + y*g**2 + g**3 + 4*g + g + 2*g. What is k(-7)?
-1
Suppose 2*o + 10 = -3*o. Let f(t) = -3*t - 20. Let b(s) = -16*s - 127. Let h(a) = 3*b(a) - 19*f(a). Give h(o).
-19
Let c(y) = -23*y**3 + 5*y**2 - 8*y - 8. Let q(f) = 8*f**3 - 2*f**2 + 3*f + 3. Let a(b) = 3*c(b) + 8*q(b). Determine a(-1).
4
Suppose -4*j = 3*x - 10 - 46, -j - 2*x = -19. Let l(f) = 8*f + 6 - 5*f + 7 - j. What is l(-3)?
-7
Let g = -111 + 113. Let w(i) = 17*i - 10*i - 4*i**g + 3*i**2. Give w(7).
0
Suppose -4*g - 32 + 2 = 5*m, -3*g - 30 = 5*m. Let u(f) = -4*f - 15. Determine u(m).
9
Let w(i) be the first derivative of i**3/3 - 7*i**2/2 + 9*i + 189. What is w(6)?
3
Let n(v) = v - 10*v**2 + 0 - 7*v - 2*v + 5. Let p(z) = -7*z**2 - 5*z + 3. Let f(k) = -5*n(k) + 8*p(k). Calculate f(-1).
-7
Let u(f) = -f**3 - 5*f**2 - 2*f. Suppose 22 = -6*b + b - 2*m, b - 5*m = 1. Give u(b).
-8
Let q(v) = 2*v**2 + 29*v - 94. Let d be q(-17). Let i(r) = r**2 + 10*r - 13. What is i(d)?
-22
Let f(v) = -4*v - 19. Let h be f(-7). Let j(q) = -q**2 + 9*q - 6. Determine j(h).
-6
Let j(m) = 18 + 45 - 61 + 4*m. Calculate j(-5).
-18
Let o be (9*(-2)/(-108))/((-2)/(-6)). Let m(t) be the second derivative of 0 + 1/20*t**5 + o*t**3 + 3*t**2 + 1/3*t**4 - 11*t. Give m(-4).
-6
Let w be (-1258)/(-9) - (0 + (-2)/9). Let v(p) = w*p**2 - 75*p**2 - 66*p**2. What is v(-2)?
-4
Let l(z) be the third derivative of z**5/60 - z**4/8 - 4*z**3/3 + z**2 + 30*z. Give l(6).
10
Let b be 4536/1782 - (-12)/(-22). Let v(w) = w**3 - 3*w**2 - w + 3. What is v(b)?
-3
Let x(v) = 7*v - 1. Let f(l) = -l. Let p(b) = -5*f(b) - x(b). Suppose 0 = 32*w - 37*w - 5*d + 20, d = -4*w + 7. Determine p(w).
-1
Let a(j) = -5*j + 2. Let n(k) = 2*k - 1. Let v(r) = 6*a(r) + 13*n(r). Let s be 2 + (-3)/(-9)*0. Give v(s).
-9
Let q(k) = k**3 - 7*k**2 + 6*k - 3. Let r be 0 - 15/(-9)*3. Let u be (-8)/32*-8 + r + -1. Give q(u).
-3
Let x(s) be the third derivative of s**7/840 + s**6/40 + s**5/20 - s**4/4 - s**3/3 - 12*s**2. Let o(n) be the first derivative of x(n). Calculate o(-8).
10
Let r(d) = 4*d + 235203*d**2 - 13 - 16*d - 235204*d**2. Determine r(-10).
7
Suppose x = -5 + 1. Let m(s) be the first derivative of 2*s**3/3 + 2*s**2 + 4*s + 3794. Calculate m(x).
20
Let x(k) = 0 + k - k**2 - 1 + 4 + k**3. Let h be 2 - (-1 + 0 + 43). Let a = h + 40. What is x(a)?
3
Let g(z) = z**3 + 5*z**2 + 2*z + 4. Let w(f) = -2*f**2 - 12*f + 28. Let k be w(2). Calculate g(k).
12
Let f(x) = -2*x**2 - 3*x - 3. Suppose 0 = 2*t + 25 - 11. Let k be 0/(3 + t) + -3. Calculate f(k).
-12
Let y(z) = z**3 - z - 18. Let a be -1*(-6 - (-9 - (-5 + 2))). Determine y(a).
-18
Let p(w) = -w**3 - 2*w**2 + 5*w + 3. Let s be p(-2). Let n(m) = 3*m**2 - 5*m - 2. Let u(c) = -c**2 - c - 1. Let x(l) = n(l) + 4*u(l). Determine x(s).
8
Suppose -5*r + 57 = -q, 0*r + q + 45 = 4*r. Let f be (3/r*6)/(6/44). Let b(d) = d - 8. What is b(f)?
3
Let m(x) = 3*x - 3. Let s(t) = 2. Let q(p) = -m(p) - 3*s(p). Suppose -4*y + 16 = -0*y. Calculate q(y).
-15
Let b(x) = x**3 + x**2 + x - 1. Suppose -4*r = -2*q + 32, 3*q - q + 32 = -4*r. Let g = -8 - r. Suppose g = 4*n - 6*n. Give b(n).
-1
Let c(f) = 15*f - f - 98 - 6*f + 99. Determine c(-1).
-7
Suppose 4*i + 9 = 3*z, 3*i + 3*z + 10 = 2*z. Let f(x) = -4 - 8*x - x**2 - 5*x + 16*x - 7*x. Determine f(i).
-1
Let j(i) be the third derivative of 17*i**5/60 - i**3/6 + 16*i**2. Calculate j(1).
16
Let u = -15 + 35. Suppose -4*y - 8 = u. Let m(p) = -p**2 - 6*p - 2. Determine m(y).
-9
Suppose 3*a - 2*k + 6 = 7*a, -2 = -4*a + 2*k. Let c(i) = -3*i**3. What is c(a)?
-3
Let x(j) = j**2 + 40*j + 150. Let c be x(-36). Let t(p) = 2*p**2 - 6*p. What is t(c)?
36
Let q(d) = d**3 - 2*d - 1. Let x be -1 + 10 + (-6)/(-6) + -2. Let c = -6 - 3. Let i = c + x. Calculate q(i).
0
Suppose -10*u + 2*u + 24 = 0. Let s(p) = 103*p - 99*p - 2 + u. What is s(4)?
17
Let y(n) = -7*n**3 + n - 1. Let i = 6 + -4. Suppose 2*t + 2*t = -i*r + 10, -5*t = 2*r - 11. Suppose 2 - t = j. Calculate y(j).
-7
Let g be (-2 - -23) + (8 - 7). Suppose -r + 2*x + 3*x = -g, -5*r - 2*x + 2 = 0. Let l = r - -2. Let q(v) = v**2 - 3*v + 6. Calculate q(l).
10
Let m(d) = d**3 - 5*d**2 + d - 5. Let v be m(5). Let n be 3 + v + (2 - 3). Let g(o) = 10 + o**3 + 91*o**2 - 3 - 97*o**n. Determine g(6).
7
Let t(u) = -u - 1. Let g(i) = -4*i + 5. Let f(b) = 3*b - 1. Let x be f(1). Let k(q) = x*t(q) - g(q). Let y(j) = -41*j + 47. Let o be y(1). Give k(o).
5
Let q(a) be the first derivative of -a**4/4 - a**3 - 9*a - 250. Calculate q(-4).
7
Let h(c) = 0*c**2 - c**2 + 34 + 0*c + c + 7 - 34. Calculate h(-6).
-35
Let b be (-18)/(-2) + (-3)/(-3). Let n be ((-12)/b)/((-12)/30). Let m(i) = -i - 3*i**2 - 4*i + 4*i**3 - n*i**3 - 3. Determine m(4).
-7
Let m(f) be the second derivative of f**5/20 + 5*f**4/12 + f**3/6 - 5*f**2/2 + 295*f. Determine m(-5).
-10
Let z = -7 - -8. Let n(f) = -2*f - 3 + f + z. Suppose 72 = -12*s - 6*s. What is n(s)?
2
Let a(v) be the third derivative of v**5/60 - v**4/24 - 8*v**3/3 + 13*v**2. Suppose -t - 5 + 5 = 0. Calculate a(t).
-16
Let s(x) be the third derivative of x**6/240 - x**5/40 - 11*x**4/6 - 4*x**2 - 3. Let j(a) be the second derivative of s(a). Let d = -10 + 14. Determine j(d).
9
Let w(k) = -k - 9. Let n(g) = g**2 + 12*g - 7. Let v be n(-12). Let j(d) = 4*d + 28. Let z(y) = v*w(y) - 2*j(y). Determine z(-6).
13
Let y(s) = s**2 + 4*s - 5. Let f be y(-5). Let l = f - -5. Let c(q) = -39*q**3 + 38*q**3 + 10 + 6*q + 4*q**2 - 12. What is c(l)?
3
Let d = 153 + -151. Let u(k) = -2*k + 3 - 5*k**d + k**3 + 0*k**2 + 2*k**2. What is u(3)?
-3
Suppose 3*g + 20 = -2*g, -3*q - g + 20 = 0. Let s(p) = 3 - 5 - p**2 + q*p + 1 + 2. Determine s(6).
13
Let r(z) = -31*z + 4 - 14 + 27*z + 7. Suppose 0 = 3*n - 2*s + 3*s - 11, n - 2*s = -1. Calculate r(n).
-15
Let f(s) = -3*s**3 - 32*s**2 - 22*s - 65. Let k(z) = z**3 + 5*z**2 - z - 1. Let m(d) = -f(d) - 2*k(d). What is m(-21)?
4
Let h = 19 + -24. Let m(u) = -4*u + 3. Let l(k) = 29*k - 15. Let d(i) = -19*i + 10. Let j(y) = -8*d(y) - 5*l(y). Let q(f) = 3*j(f) + 5*m(f). Give q(h).
-5
Suppose -s - 4*k - 12 = 0, 9 = 3*s - s - 3*k. Let r(d) = -40*d - d**3 + s - 4 - 4*d**2 + 38*d. Calculate r(-3).
-7
Let l(h) = -2*h - 2. Let y(j) = -5*j - 1. Let b(a) = 4*l(a) - 2*y(a). Determine b(6).
6
Suppose 14*y = 17*y - 87. Suppose -2*j - 3*w = -4, -4*j - 11 = w - y. Let p(t) = -t - 7. What is p(j)?
-12
Let z(p) = -5*p**2 + 2*p - 1. Suppose -12*v - 7 - 17 = 0. What is z(v)?
-25
Let d(l) = 2*l. Let n = -63 + 90. Suppose 0 = -4*q + n + 5. Suppose -2 = 2*a - q. What is d(a)?
6
Let z(h) be the first derivative of h**4/4 + 6*h - 142. Determine z(0).
6
Let d(m) = -m**3 - 5*m**2 - 7*m + 6. Let n be d(-4). Suppose 0 = -o + 3*o + n. Let i(l) = l + 5. Determine i(o).
-4
Su